{"id":154,"date":"2013-04-10T10:42:35","date_gmt":"2013-04-10T08:42:35","guid":{"rendered":"http:\/\/http:\/\/loscaminoslaplata.com\/?page_id=154"},"modified":"2013-05-01T22:15:08","modified_gmt":"2013-05-01T22:15:08","slug":"asturias","status":"publish","type":"page","link":"http:\/\/loscaminosdelaplata.com\/?page_id=154","title":{"rendered":"Asturias"},"content":{"rendered":"<div>\n<h3><a title=\"Asturias\" href=\"http:\/\/loscaminosdelaplata.com\/?page_id=164\"><span style=\"font-size: medium;\"><strong>Asturias<\/strong><\/span><\/a><\/h3>\n<div>\n<p>\u00a0La Ruta de la Plata, principal eje de comunicaci\u00f3n del oeste peninsular desde la \u00e9poca romana hasta la actualidad, fue rescatada en tiempos recientes como reclamo tur\u00edstico, incluyendo las ciudades asturianas de Oviedo y Gij\u00f3n, entre otras, en su recorrido final hacia el norte. A pesar de lo delicado que resulta considerar el tramo entre Astorga y Gij\u00f3n parte de la V\u00eda de la Plata propiamente dicha, ciertamente, Gij\u00f3n fue incorporado a las v\u00edas de comunicaci\u00f3n romanas como destacado puerto mar\u00edtimo de la cornisa cant\u00e1brica y salida m\u00e1s cercana al mar del nudo estrat\u00e9gico de Astorga, a su vez, capital administrativa de aquellos tiempos.<\/p>\n<\/div>\n<\/div>\n<div>\n<h3><a title=\"Descubriendo al marqu\u00e9s de Comillas: Un itinerario did\u00e1ctico a trav\u00e9s del patrimonio industrial de Mieres y Aller\" href=\"http:\/\/www.loscaminosdelaplata.com\/?page_id=171\"><span style=\"font-size: medium;\"><strong>Descubriendo al marqu\u00e9s de Comillas:<\/strong><\/span><\/a><\/h3>\n<h3><a title=\"Descubriendo al marqu\u00e9s de Comillas: Un itinerario did\u00e1ctico a trav\u00e9s del patrimonio industrial de Mieres y Aller\" href=\"http:\/\/www.loscaminosdelaplata.com\/?page_id=171\"><span style=\"font-size: medium;\"><strong>Un itinerario did\u00e1ctico a trav\u00e9s del patrimonio industrial de Mieres y Aller<\/strong><\/span><\/a><\/h3>\n<div>\n<p>La singularidad del patrimonio industrial avala la necesidad de una did\u00e1ctica espec\u00edfica que permita una visi\u00f3n integradora del mismo, tanto como nuevo bien cultural como en su relaci\u00f3n con el hombre y el paisaje, promoviendo la recuperaci\u00f3n de la memoria del trabajo y del lugar.<\/p>\n<p>Nuestra proposici\u00f3n es tomar como excusa la apasionante historia del marqu\u00e9s de Comillas en su relaci\u00f3n con Asturias para marcar un itinerario did\u00e1ctico en una informal ruta para viajeros curiosos.<\/p>\n<\/div>\n<\/div>\n","protected":false},"excerpt":{"rendered":"<p>Asturias \u00a0La Ruta de la Plata, principal eje de comunicaci\u00f3n del oeste peninsular desde la \u00e9poca romana hasta la actualidad, fue rescatada en tiempos recientes como reclamo tur\u00edstico, incluyendo las ciudades asturianas de Oviedo y Gij\u00f3n, entre otras, en su recorrido final hacia el norte. A pesar de lo delicado que resulta considerar el tramo [&hellip;]<\/p>\n","protected":false},"author":1,"featured_media":0,"parent":0,"menu_order":0,"comment_status":"closed","ping_status":"closed","template":"","meta":{"footnotes":""},"_links":{"self":[{"href":"http:\/\/loscaminosdelaplata.com\/index.php?rest_route=\/wp\/v2\/pages\/154"}],"collection":[{"href":"http:\/\/loscaminosdelaplata.com\/index.php?rest_route=\/wp\/v2\/pages"}],"about":[{"href":"http:\/\/loscaminosdelaplata.com\/index.php?rest_route=\/wp\/v2\/types\/page"}],"author":[{"embeddable":true,"href":"http:\/\/loscaminosdelaplata.com\/index.php?rest_route=\/wp\/v2\/users\/1"}],"replies":[{"embeddable":true,"href":"http:\/\/loscaminosdelaplata.com\/index.php?rest_route=%2Fwp%2Fv2%2Fcomments&post=154"}],"version-history":[{"count":0,"href":"http:\/\/loscaminosdelaplata.com\/index.php?rest_route=\/wp\/v2\/pages\/154\/revisions"}],"wp:attachment":[{"href":"http:\/\/loscaminosdelaplata.com\/index.php?rest_route=%2Fwp%2Fv2%2Fmedia&parent=154"}],"curies":[{"name":"wp","href":"https:\/\/api.w.org\/{rel}","templated":true}]}}