{"id":22,"date":"2013-04-09T04:26:37","date_gmt":"2013-04-09T02:26:37","guid":{"rendered":"http:\/\/http:\/\/loscaminoslaplata.com\/?page_id=22"},"modified":"2013-04-09T04:26:37","modified_gmt":"2013-04-09T02:26:37","slug":"itinerarios-en-espana-y-america","status":"publish","type":"page","link":"http:\/\/loscaminosdelaplata.com\/?page_id=22","title":{"rendered":"Itinerarios en Espa\u00f1a y Am\u00e9rica"},"content":{"rendered":"<div>\n<div>La Ruta de la Plata es el principal eje de comunicaci\u00f3n del oeste peninsular desde la \u00e9poca romana hasta la actualidad. El trasiego secular de mercanc\u00edas, minerales, comerciantes, ganado, peregrinos, tropas&#8230;, en direcci\u00f3n norte-sur, consolid\u00f3 este eje territorial.<\/div>\n<\/div>\n<div><\/div>\n<div>\n<div>\n<div>\n<div>Habitualmente considerada como ruta tradicional que une los destinos entre el devenir de la hist\u00f3rica M\u00e9rida hasta Astorga y m\u00e1s propiamente como producto tur\u00edstico por la v\u00eda que recorre diversas ciudades entre Sevilla y Gij\u00f3n, con la aportaci\u00f3n de diferentes municipios agrupados en una asociaci\u00f3n que permita desarrollo de proyectos y campa\u00f1as espec\u00edficas, la Ruta de la Plata es un buen ejemplo de cooperaci\u00f3n para compartir un objetivo com\u00fan; un proyecto de desarrollo tur\u00edstico y regional; un turismo de baja intensidad y amplia difusi\u00f3n espacial; un sistema territorial con m\u00e1s de mil kil\u00f3metros de longitud que pueda fomentar el desarrollo integrado y sostenible de la zona, elevar el nivel y calidad de vida de las poblaciones locales que equilibre y vertebre un territorio rural no muy poblado, mal comunicado entre s\u00ed hasta fecha reciente y con el resto del territorio nacional.<\/div>\n<p>La finalidad es utilizar responsablemente un patrimonio cultural y natural inapreciable ligado a actividades donde el patrimonio natural envuelve un rico legado hist\u00f3rico de patrimonios vinculados simb\u00f3licamente a Am\u00e9rica, por mor de sus personajes, art\u00edfices de emprendimientos y conquistas, como por su nomencl\u00e1tor, actividades primarias y secundarias y las evidencias y testimonios de patrimonio industrial, como es el caso de la miner\u00eda, industria agroalimentaria, la obra asociada a vencer los obst\u00e1culos naturales para relacionar las personas y materiales, en este caso los puentes, canales, caminos que en el transcurso del tiempo fueron veh\u00edculo de historias de vida.<br \/>\nEl propio car\u00e1cter abierto y multitem\u00e1tico de la ruta permite diversas interpretaciones hist\u00f3ricas, culturales y etnogr\u00e1ficas. Una de ellas, la que proponemos, es abrir el camino a rutas e itinerarios en Iberoam\u00e9rica, con un \u00edtem, la plata, mineral b\u00e1sico para el desarrollo material del Imperio espa\u00f1ol desde el siglo XVI, en cuya b\u00fasqueda los conquistadores aplicaron m\u00e9todos traum\u00e1ticos y dolorosos para los pueblos americanos.<\/p>\n<div><\/div>\n<p>Un exponente clave para esta interpretaci\u00f3n es Almad\u00e9n, pueblo ubicado en la provincia de Ciudad Real, pero vinculado hist\u00f3ricamente a la antedicha Ruta V\u00eda de la Plata, a partir de la producci\u00f3n de mercurio, con antecedentes en la propia historia de presencia romana, pero, sobre todo, a partir de su ruta del azogue, que conectaba con los puertos andaluces para la remisi\u00f3n a tierras americanas del necesario producto que permiti\u00f3 que su conexi\u00f3n y amalgama con la plata de Potos\u00ed, Zacatecas y otros lugares fuese el sustento econ\u00f3mico del Imperio espa\u00f1ol, y una actividad extraordinaria de riqueza durante varios siglos.<\/p>\n<div><\/div>\n<p>Am\u00e9rica y Espa\u00f1a, en unas rutas de ida y vuelta, fueron en constante trasiego itinerarios cuyo conocimiento e interpretaci\u00f3n suponen un aporte indispensable para la relaci\u00f3n y conocimientos de nuestros pueblos. La plata, en su b\u00fasqueda, beneficio y utilidad, supone el primer proceso de mundializaci\u00f3n de la econom\u00eda.<\/p>\n<\/div>\n<\/div>\n<\/div>\n","protected":false},"excerpt":{"rendered":"<p>La Ruta de la Plata es el principal eje de comunicaci\u00f3n del oeste peninsular desde la \u00e9poca romana hasta la actualidad. El trasiego secular de mercanc\u00edas, minerales, comerciantes, ganado, peregrinos, tropas&#8230;, en direcci\u00f3n norte-sur, consolid\u00f3 este eje territorial. Habitualmente considerada como ruta tradicional que une los destinos entre el devenir de la hist\u00f3rica M\u00e9rida hasta [&hellip;]<\/p>\n","protected":false},"author":1,"featured_media":0,"parent":0,"menu_order":0,"comment_status":"open","ping_status":"open","template":"","meta":{"footnotes":""},"_links":{"self":[{"href":"http:\/\/loscaminosdelaplata.com\/index.php?rest_route=\/wp\/v2\/pages\/22"}],"collection":[{"href":"http:\/\/loscaminosdelaplata.com\/index.php?rest_route=\/wp\/v2\/pages"}],"about":[{"href":"http:\/\/loscaminosdelaplata.com\/index.php?rest_route=\/wp\/v2\/types\/page"}],"author":[{"embeddable":true,"href":"http:\/\/loscaminosdelaplata.com\/index.php?rest_route=\/wp\/v2\/users\/1"}],"replies":[{"embeddable":true,"href":"http:\/\/loscaminosdelaplata.com\/index.php?rest_route=%2Fwp%2Fv2%2Fcomments&post=22"}],"version-history":[{"count":0,"href":"http:\/\/loscaminosdelaplata.com\/index.php?rest_route=\/wp\/v2\/pages\/22\/revisions"}],"wp:attachment":[{"href":"http:\/\/loscaminosdelaplata.com\/index.php?rest_route=%2Fwp%2Fv2%2Fmedia&parent=22"}],"curies":[{"name":"wp","href":"https:\/\/api.w.org\/{rel}","templated":true}]}}